se 16) to base 14
4
Convert -11011010 (base 2) to base 6.
-1002
0 (base 9) to base 16
0
Convert -1000 (base 2) to base 10.
-8
What is 10 (base 5) in base 4?
11
Convert 1 (base 16) to base 13.
1
Convert -161 (base 8) to base 11.
-a3
3 (base 8) to base 10
3
What is 110 (base 2) in base 7?
6
0 (base 5) to base 11
0
-17 (base 14) to base 8
-25
Convert -3 (base 12) to base 5.
-3
Convert 8 (base 9) to base 14.
8
7 (base 11) to base 8
7
69 (base 10) to base 11
63
Convert 2 (base 14) to base 10.
2
What is -2 (base 5) in base 2?
-10
What is -1001001 (base 2) in base 11?
-67
Convert 2 (base 14) to base 2.
10
Convert 4 (base 13) to base 14.
4
What is -f9 (base 16) in base 15?
-119
5b (base 14) to base 3
10000
What is -1a (base 11) in base 4?
-111
10 (base 8) to base 11
8
-118 (base 10) to base 15
-7d
Convert -41 (base 16) to base 8.
-101
What is -19 (base 10) in base 15?
-14
-1 (base 10) to base 8
-1
Convert -22 (base 4) to base 15.
-a
13 (base 6) to base 3
100
What is -171 (base 15) in base 9?
-407
Convert 0 (base 12) to base 16.
0
Convert 66 (base 8) to base 7.
105
What is -5 (base 10) in base 2?
-101
Convert 6 (base 8) to base 4.
12
What is 6 (base 11) in base 8?
6
What is 7 (base 14) in base 8?
7
Convert 44 (base 9) to base 16.
28
3 (base 5) to base 7
3
-103 (base 8) to base 13
-52
-5 (base 6) to base 5
-10
Convert 167 (base 12) to base 14.
11d
Convert -110 (base 4) to base 16.
-14
-5 (base 8) to base 15
-5
6 (base 11) to base 12
6
Convert -13 (base 16) to base 15.
-14
Convert -2 (base 5) to base 9.
-2
Convert 3 (base 14) to base 13.
3
What is -8 (base 9) in base 13?
-8
What is -4 (base 7) in base 11?
-4
Convert -1 (base 14) to base 5.
-1
-173 (base 8) to base 15
-83
What is 11 (base 7) in base 16?
8
What is a (base 15) in base 2?
1010
Convert -13 (base 10) to base 13.
-10
-19 (base 16) to base 10
-25
Convert 39 (base 15) to base 9.
60
Convert -20 (base 5) to base 7.
-13
-3 (base 10) to base 15
-3
Convert -100 (base 4) to base 6.
-24
What is -11 (base 6) in base 15?
-7
Convert 5 (base 12) to base 8.
5
What is -2 (base 8) in base 5?
-2
0 (base 10) to base 8
0
What is -81 (base 12) in base 13?
-76
What is -1 (base 4) in base 11?
-1
Convert 43 (base 16) to base 14.
4b
Convert 1320 (base 4) to base 9.
143
4 (base 7) to base 10
4
Convert 111 (base 2) to base 15.
7
Convert 1 (base 16) to base 11.
1
What is -333 (base 4) in base 5?
-223
Convert 5 (base 11) to base 15.
5
Convert 23 (base 4) to base 11.
10
What is -1 (base 10) in base 11?
-1
Convert 32 (base 6) to base 14.
16
Convert 32 (base 13) to base 8.
51
Convert b (base 16) to base 3.
102
What is 176 (base 10) in base 13?
107
What is 1 (base 6) in base 10?
1
Convert -2 (base 3) to base 10.
-2
Convert 61 (base 11) to base 14.
4b
What is -1031 (base 4) in base 3?
-2212
Convert 0 (base 4) to base 5.
0
Convert -10 (base 12) to base 7.
-15
-65 (base 8) to base 7
-104
What is 6 (base 7) in base 13?
6
Convert 12 (base 4) to base 9.
6
What is -124 (base 5) in base 11?
-36
Convert 76 (base 13) to base 8.
141
40 (base 5) to base 7
26
Convert 62 (base 12) to base 3.
2202
-1 (base 11) to base 3
-1
What is -3 (base 12) in base 2?
-11
3 (base 15) to base 6
3
What is -2 (base 7) in base 9?
-2
What is 100 (base 3) in base 16?
9
What is -9 (base 10) in base 14?
-9
What is -2c (base 16) in base 2?
-101100
-320 (base 7) to base 15
-ab
Convert -2 (base 10) to base 4.
-2
4 (base 7) to base 2
100
Convert 10000 (base 2) to base 12.
14
Convert -101 (base 3) to base 14.
-a
-10101 (base 2) to base 3
-210
0 (base 13) to base 12
0
Convert 2 (base 7) to base 8.
2
-5 (base 8) to base 14
-5
Convert -30 (base 16) to base 3.
-1210
Convert 23 (base 8) to base 11.
18
36 (base 7) to base 8
33
Convert -22 (base 7) to base 14.
-12
Convert -212 (base 4) to base 16.
-26
2 (base 7) to base 6
2
187 (base 10) to base 4
2323
-3 (base 14) to base 12
-3
137 (base 9) to base 8
163
Convert 0 (base 3) to base 5.
0
41 (base 10) to base 4
221
Convert 0 (base 9) to base 16.
0
-116 (base 9) to base 15
-66
4 (base 10) to base 16
4
Convert -12 (base 6) to base 10.
-8
What is 7b (base 16) in base 8?
173
What is -505 (base 6) in base 14?
-d3
-4 (base 14) to base 15
-4
What is 21 (base 12) in base 15?
1a
What is 10100101 (base 2) in base 8?
245
What is 6 (base 7) in base 5?
11
Convert -210 (base 4) to base 13.
-2a
Convert 13 (base 12) to base 14.
11
Convert -5 (base 14) to base 12.
-5
244 (base 5) to base 15
4e
242 (base 5) to base 11
66
What is 1 (base 14) in base 13?
1
What is 5 (base 10) in base 16?
5
6 (base 11) to base 5
11
What is 1 (base 9) in base 2?
1
98 (base 15) to base 12
bb
Convert -3 (base 11) to base 16.
-3
-4 (base 5) to base 11
-4
What is 6 (base 11) in base 10?
6
What is -11 (base 14) in base 16?
-f
What is 53 (base 15) in base 14?
58
Convert -7 (base 8) to base 5.
-12
Convert 2 (base 14) to base 15.
2
What is 5 (base 11) in base 12?
5
Convert 6 (base 8) to base 9.
6
-1002 (base 5) to base 2
-1111111
51 (base 6) to base 10
31
Convert 10 (base 14) to base 4.
32
What is 1021 (base 3) in base 6?
54
312 (base 5) to base 13
64
103 (base 5) to base 2
11100
-162 (base 8) to base 14
-82
Convert -110 (base 6) to base 14.
-30
Convert 66 (base 8) to base 7.
105
Convert 110200 (base 3) to base 11.
291
Convert -c (base 16) to base 13.
-c
-46 (base 15) to base 5
-231
What is -2 (base 15) in base 10?
-2
Convert 126 (base 11) to base 15.
9e
Convert -10 (base 8) to base 3.
-22
What is -33 (base 5) in base 11?
-17
Convert 10011 (base 2) to base 8.
23
Convert -15 (base 10) to base 5.
-30
Convert -13 (base 8) to base 4.
-23
Convert 310 (base 5) to base 16.
50
Convert 52 (base 13) to base 15.
47
What is -4 (base 6) in base 13?
-4
9 (base 11) to base 16
9
Convert -23 (base 10) to base 11.
-21
0 (base 4) to base 14
0
Convert -21 (base 9) to base 6.
-31
Convert 52 (base 12) to base 11.
57
37 (base 9) to base 11
31
What is 31 (base 9) in base 5?
103
Convert 20 (base 5) to base 2.
1010
Convert -232 (base 5) to base 7.
-124
Convert 0 (base 6) to base 2.
0
-1010100 (base 2) to base 11
-77
Convert 7 (base 16) to base 6.
11
Convert -b (base 12) to base 11.
-10
What is -41 (base 8) in base 4?
-201
4 (base 10) to base 11
4
Convert -25 (base 7) to base 9.
-21
1 (base 6) to base 9
1
-13 (base 7) to base 12
-a
Convert -2 (base 4) to base 13.
-2
-100000110 (base 2) to base 13
-172
18 (base 10) to base 2
10010
Convert -5 (base 11) to base 13.
-5
What is 34 (base 9) in base 11?
29
What is 47 (base 15) in base 16?
43
Convert -11010 (base 2) to base 11.
-24
Convert 3 (base 15) to base 12.
3
Convert 100010 (base 2) to base 4.
202
Convert -3 (base 6) to base 13.
-3
-115 (base 7) to base 5
-221
Convert 1 (base 8) to base 12.
1
10323 (base 4) to base 14
187
-45 (base 16) to base 12
-59
What is 41 (base 12) in base 11?
45
Convert -312 (base 4) to base 2.
-110110
Convert -364 (base 9) to base 10.
-301
7 (base 13) to base 16
7
-2 (base 4) to base 7
-2
Convert 13 (base 12) to base 16.
f
Convert -2023 (base 5) to base 16.
-107
What is 15c (base 16) in base 8?
534
What is 34 (base 8) in base 7?
40
40 (base 5) to base 15
15
What is -346 (base 7) in base 16?
-b5
Convert 12 (base 9) to base 8.
13
What is -1 (base 3) in base 15?
-1
Convert -29 (base 11) to base 15.
-21
What is 14 (base 6) in base 14?
a
What is -2 (base 8) in base 11?
-2
Convert 6 (base 8) to base 6.
10
Convert 11 (base 2) to base 5.
3
What is -5 (base 8) in base 15?
-5
What is -323 (base 4) in base 10?
-59
What is 2 (base 3) in base 7?
2
What is 3 (base 6) in base 4?
3
-11 (base 11) to base 3
-110
-573 (base 8) to base 15
-1a4
Convert -352 (base 8) to base 3.
-22200
Convert 8 (base 11) to base 16.
8
Convert -16 (base 11) to base 12.
-15
Convert 315 (base 6) to base 11.
a9
-11 (base 3) to base 14
-4
-69 (base 13) to base 2
-1010111
6 (base 10) to base 12
6
What is 3 (base 8) in base 2?
11
Convert -103 (base 8) to base 2.
-1000011
What is 42 (base 10) in base 6?
110
Convert 4 (base 5) to base 6.
4
Convert -4 (base 14) to base 13.
-4
What is -1 (base 3) in base 15?
-1
-1313 (base 5) to base 13
-130
Convert -1 (base 3) to base 10.
-1
Convert 11000 (base 2) to base 12.
20
-12 (base 3) to base 15
-5
Convert 136 (base 12) to base 5.
1221
Convert -1 (base 2) to base 5.
-1
Convert a (base 12) to base 15.
a
What is -52 (base 7) in ba